{"id":25,"date":"2019-08-19T19:58:15","date_gmt":"2019-08-19T22:58:15","guid":{"rendered":"https:\/\/www.sai.org.br\/?page_id=25"},"modified":"2019-09-03T14:18:52","modified_gmt":"2019-09-03T17:18:52","slug":"sobre-o-sai","status":"publish","type":"page","link":"https:\/\/www.sai.org.br\/?page_id=25","title":{"rendered":"SOBRE A S.A.I."},"content":{"rendered":"\n<figure class=\"wp-block-image\"><img loading=\"lazy\" decoding=\"async\" width=\"822\" height=\"198\" src=\"https:\/\/www.sai.org.br\/wp-content\/uploads\/2019\/08\/SAI2.jpg\" alt=\"\" class=\"wp-image-1530\" srcset=\"https:\/\/www.sai.org.br\/wp-content\/uploads\/2019\/08\/SAI2.jpg 822w, https:\/\/www.sai.org.br\/wp-content\/uploads\/2019\/08\/SAI2-300x72.jpg 300w, https:\/\/www.sai.org.br\/wp-content\/uploads\/2019\/08\/SAI2-768x185.jpg 768w\" sizes=\"(max-width: 822px) 100vw, 822px\" \/><\/figure>\n\n\n\n<p><strong>Sede Pr\u00f3pria: Rua Mangaratiba, 316 \u2013 Cidade Dutra &#8211; CEP: 04811-010.<br> Fone: 5666-5118<\/strong><\/p>\n\n\n\n<p><strong>QUEM SOMOS<\/strong><\/p>\n\n\n\n<p><strong>Somos uma das mais antigas e organizadas sociedades de bairro do Munic\u00edpio de S\u00e3o Paulo.<br> Devido ao seu persistente e s\u00e9rio trabalho em prol da comunidade, logo conseguiu prest\u00edgio e influ\u00eancia perante os \u00f3rg\u00e3os p\u00fablicos.<br> Declarada de Utilidade P\u00fablica pelo Decreto-lei Estadual n\u00ba 10.343 de 27\/12\/1968.<br> Eleita em 1969 como sendo a Melhor Sociedade de Bairro em reconhecimento a sua atua\u00e7\u00e3o em favor da comunidade.<\/strong><\/p>\n\n\n\n<p><strong>FUNDA\u00c7\u00c3O<\/strong><\/p>\n\n\n\n<p><strong>Entidade associativa fundada em 1950, por moradores da Cidade Dutra e adjac\u00eancias, sem finalidades lucrativas, pol\u00edtica ou religiosa, com car\u00e1ter educativo, social, assistencial, cultural e c\u00edvico.<\/strong><\/p>\n\n\n\n<p><strong>OBJETIVO<\/strong><\/p>\n\n\n\n<p><strong>Reivindicar e colaborar com as autoridades competentes, a n\u00edveis municipais, estaduais e federais para a solu\u00e7\u00e3o de problemas de interesse coletivo.<\/strong><\/p>\n\n\n\n<p><strong>ORGANIZA\u00c7\u00c3O ADMINISTRATIVA<\/strong><\/p>\n\n\n\n<p><strong>\u00c9 administrado de acordo com o Estatuto Social (em anexo) aprovado na Assembl\u00e9ia Geral, realizada em 28\/09\/2004 e registrado em 15\/12\/2004 no 29\u00ba Tabeli\u00e3o de Notas de S\u00e3o Paulo-SP.<br> Seus Diretores e Conselheiros, de comprovada conduta ilibada, s\u00e3o eleitos pelos processos democr\u00e1ticos para mandato de dois anos e t\u00eam sentido de continuidade. <br> Os cargos da Diretoria e do Conselho n\u00e3o s\u00e3o remunerados.<br> Reuni\u00f5es da Diretoria Executiva, Conselho Deliberativo, Conselho Fiscal, Conselho de \u00c9tica e Disciplina, bem como as Assembl\u00e9ias Gerais dos associados s\u00e3o registradas em Atas.<br> Os Of\u00edcios enviados e recebidos das autoridades, assim como, os Relat\u00f3rios Anuais de Atividades, Resultado de Receitas e Despesas e Demonstra\u00e7\u00f5es Cont\u00e1beis s\u00e3o mantidos em arquivos.<\/strong><\/p>\n\n\n\n<p><strong>PATRIM\u00d4NIO IM\u00d3VEL<\/strong><\/p>\n\n\n\n<p><strong>Os moradores colaboraram financeiramente na constru\u00e7\u00e3o da sede social pr\u00f3pria a fim de possibilitar a amplia\u00e7\u00e3o dos trabalhos orientados para a solidariedade social.<br> A sede inaugurada em 15\/09\/1968 est\u00e1 localizada \u00e0 Rua Mangaratiba, n\u00ba 316, Cidade Dutra &#8211; Interlagos, sub \u2013 Distrito da Capela do Socorro, na Capital do Estado de S\u00e3o Paulo. <br> A constru\u00e7\u00e3o de 1144 m\u00b2 numa \u00e1rea de 1467 m\u00b2 consiste em:<br> Uma quadra utilizada para jogos, reuni\u00f5es c\u00edvicas e sociais.<br> Dois sal\u00f5es para gin\u00e1stica, cursos, etc. <br> Cozinha<br> Churrasqueira<br> Lanchonete<br> Sala de reuni\u00e3o para a diretoria<br> Sala para a Administra\u00e7\u00e3o<br> Sala de trof\u00e9us<br> Almoxarifado <br> Vesti\u00e1rios feminino e masculino<br> Sanit\u00e1rios <br> Duas portarias com respectivas guaritas<br> Sa\u00edda de emerg\u00eancia com amplas portas de r\u00e1pido destranque.<br> Extintores e mangueiras contra inc\u00eandios<br> Sistema de ilumina\u00e7\u00e3o de emerg\u00eancia<\/strong><\/p>\n\n\n\n<p><strong>FONTES DE RECURSOS<\/strong><\/p>\n\n\n\n<p><strong>Os principais recursos para a manuten\u00e7\u00e3o da Sociedade baseiam-se na:<br> Loca\u00e7\u00e3o de seus sal\u00f5es para palestras, cursos, futebol de sal\u00e3o, v\u00f4lei, anivers\u00e1rios, casamentos e outros acontecimentos sociais.<br> Cess\u00e3o de espa\u00e7o aos associados para propaganda comercial. <br> Venda de convites para eventos programados pelo Departamento Feminino, tais como, feijoadas com conjunto musical, jantares dan\u00e7antes, bingos, ch\u00e1s, etc.<\/strong><\/p>\n\n\n\n<p><strong>RESULTADOS ALCAN\u00c7ADOS NA SOLU\u00c7\u00c3O DE PROBLEMAS DE INTERESSE COLETIVO<\/strong><\/p>\n\n\n\n<p><strong>Atrav\u00e9s da uni\u00e3o de esfor\u00e7os que mant\u00e9m com a comunidade e autoridades, alcan\u00e7ou pleno \u00eaxito na luta pela melhoria dos transportes, ilumina\u00e7\u00e3o, saneamento b\u00e1sico, seguran\u00e7a, sa\u00fade, educa\u00e7\u00e3o, etc., da regi\u00e3o. <br> Atendendo as reivindica\u00e7\u00f5es da comunidade, a eficaz e persistente atua\u00e7\u00e3o da SAI perante os \u00f3rg\u00e3os competentes, redundou nas seguintes benfeitorias:<br> Cria\u00e7\u00e3o da Administra\u00e7\u00e3o Regional de Capela do Socorro<br> Funcionamento do Posto do INAMPS<br> Implanta\u00e7\u00e3o de Ag\u00eancia dos Correios na Regi\u00e3o<br> A Sociedade Amigos de Interlagos, enquanto aguardava a implanta\u00e7\u00e3o da Ag\u00eancia, disponibilizou sua Caixa Postal n\u00ba 12.626 para receber toda a correspond\u00eancia enviada aos moradores do bairro e das vilas vizinhas.<br> Dois dedicados volunt\u00e1rios da SAI entregavam diariamente a correspond\u00eancia aos destinat\u00e1rios que residiam no bairro. Os moradores das vilas procuravam suas correspond\u00eancia na SAI.<br> Instala\u00e7\u00e3o da 48\u00aa Delegacia de Pol\u00edcia<br> Organiza\u00e7\u00e3o Santamarense de Educa\u00e7\u00e3o e Cultura &#8211; OSEC<br> Reforma e duplica\u00e7\u00e3o da antiga ponte de Interlagos <br> Solicita\u00e7\u00e3o da constru\u00e7\u00e3o de Nova Ponte sobre o canal do rio Pinheiros<br> Melhoria no Posto de Atendimento M\u00e9dico (PAM) da Cidade Dutra<br> Reabertura do Hospital-Maternidade de Interlagos<br> Cria\u00e7\u00e3o do Posto de Atendimento do INSS na Cidade Dutra<br> Retomada das obras do Hospital Graja\u00fa<br> Rein\u00edcio das obras do Grupo Escolar de Interlagos<br> Reforma no pr\u00e9dio das Escolas Agrupadas Dr. Miguel Ferreira<br> Capta\u00e7\u00e3o de \u00e1guas pluviais, extens\u00e3o da ilumina\u00e7\u00e3o p\u00fablica, coloca\u00e7\u00e3o de rede de esgoto, guias, sarjetas, bem como, regulariza\u00e7\u00e3o e asfaltamento do leito carro\u00e7\u00e1vel de v\u00e1rias ruas e avenidas do bairro; implanta\u00e7\u00e3o de transporte coletivo.<br> Proibi\u00e7\u00e3o da Instala\u00e7\u00e3o do Incinerador de lixo (emiss\u00e3o de gases cancer\u00edgenos) ao lado do Aut\u00f3dromo de Interlagos<\/strong><\/p>\n\n\n\n<p><strong>ASSIST\u00caNCIAL SOCIAL AOS IDOSOS<\/strong><\/p>\n\n\n\n<p><strong>Uma das primeiras iniciativas foi a de franquear a freq\u00fc\u00eancia de pessoas de ambos os sexos, com idade igual ou superior a 55 anos ou que com idade inferiores h\u00e1 55 anos que j\u00e1 se encontram aposentadas; as mesmas podem formar grupos de pessoas com a mesma faixa et\u00e1ria com o objetivo de realizarem na sede social: jogos, reuni\u00f5es, bailes, festividades, gin\u00e1sticas e terapia ocupacional.<br> A Sociedade Amigos de Interlagos, com este objetivo, em 1978, cedeu espa\u00e7o para o grupo de idosos denominado Pioneiros da Cidade Dutra. Este Grupo foi reconhecido pela Legi\u00e3o Brasileira de Assist\u00eancia \u2013 LBA para fazer parte do Programa Conviver.<br> Al\u00e9m de exercer suas atividades recreativas e sociais esses idosos at\u00e9 recentemente fabricavam anualmente 2000 brinquedos artesanais, numa pequena oficina improvisada na SAI, para distribu\u00ed-los gratuitamente no Natal, \u00e0s creches e orfanatos sem apoio financeiro.<br> \u00c9 promovida, semanalmente, a alegre Tarde \u2013 Dan\u00e7ante da Terceira Idade, com m\u00fasica ao vivo para os idosos que tenham mais de 50 anos e residam no bairro e adjac\u00eancias; a entrada \u00e9 franca e s\u00e3o oferecidos gratuitamente lanche e bebidas aos freq\u00fcentadores.<br> Senhoras idosas praticam gin\u00e1stica de alongamento com fisioterapeuta, contratado pela SAI.<br> A SAI cobra das praticantes uma mensalidade de R$ 30,00; 70% deste valor s\u00e3o repassados ao terapeuta e o restante \u00e9 destinado para cobrir despesas de manuten\u00e7\u00e3o, \u00e1gua, luz, etc.<\/strong><\/p>\n\n\n\n<p><strong>ATIVIDADES COM CRIAN\u00c7AS, ADOLESCENTES E JOVENS.<\/strong><\/p>\n\n\n\n<p><strong>A Entidade desenvolve tamb\u00e9m trabalho voltado ao desenvolvimento f\u00edsico e moral de crian\u00e7as, de adolescentes e de jovens.<br> As crian\u00e7as e adolescentes praticam futebol de sal\u00e3o e gin\u00e1stica sob a orienta\u00e7\u00e3o de professores especializados.<br> Os jovens de ambos os sexos s\u00e3o preparados gratuitamente por um treinador para disputarem campeonatos de voleibol com importantes times amadores da Grande S\u00e3o Paulo.<br> As equipes da SAI se destacam pelo elevado n\u00famero de participa\u00e7\u00f5es em campeonatos e vit\u00f3rias sobre equipe de alto valor t\u00e9cnico.<br> Com muita dedica\u00e7\u00e3o e entusiasmo conquistaram at\u00e9 o presente momento os seguintes trof\u00e9us:<br> Equipe Feminina<br> 10 medalhas de ouro<br> 03 medalhas de prata<br> 01 medalha de bronze<br> Equipe Masculina<br> 09 medalhas de ouro<br> 07 medalhas de prata<br> 03 medalhas de bronze<br> Anualmente o Departamento de Esportes promove o Campeonato Crian\u00e7a Feliz com o objetivo de arrecadar brinquedos para serem distribu\u00eddos \u00e0s crian\u00e7as carentes.<\/strong><\/p>\n\n\n\n<p><strong>OUTRAS ATIVIDADES ASSISTENCIAIS<\/strong><\/p>\n\n\n\n<p><strong>A SAI, em 1988, com a colabora\u00e7\u00e3o do seu Departamento Feminino participou ativamente da Campanha do Agasalho para os flagelados do Rio de Janeiro, Rio Branco (Acre) e Litoral Norte.<\/strong><\/p>\n\n\n\n<p><strong>Foram entregues na SAI, diariamente e durante tr\u00eas anos, t\u00edquetes para leite gratuito destinado a 100 fam\u00edlias carentes.<br> A SAI continua arrecadando anualmente agasalhos para distribu\u00ed-los a necessitados da regi\u00e3o.<\/strong><\/p>\n\n\n\n<p><strong>INFORMATIVO<\/strong><\/p>\n\n\n\n<p><strong>\u00c9 publicado trimestralmente o Informativo SAI distribu\u00eddo aos moradores da regi\u00e3o e adjac\u00eancias. O objetivo da SAI ao public\u00e1-lo \u00e9 o de fomentar o debate de quest\u00f5es consideradas importantes para a sociedade, contribuindo assim para o avan\u00e7o das institui\u00e7\u00f5es organizadas.<\/strong><\/p>\n","protected":false},"excerpt":{"rendered":"<p>Sede Pr\u00f3pria: Rua Mangaratiba, 316 \u2013 Cidade Dutra &#8211; CEP: 04811-010. Fone: 5666-5118 QUEM SOMOS Somos uma das mais antigas e organizadas sociedades de bairro do Munic\u00edpio de S\u00e3o Paulo. Devido ao seu persistente e s\u00e9rio trabalho em prol da comunidade, logo conseguiu prest\u00edgio e influ\u00eancia perante os \u00f3rg\u00e3os p\u00fablicos. Declarada de Utilidade P\u00fablica pelo&hellip; <a href=\"https:\/\/www.sai.org.br\/?page_id=25\" class=\"more-link\">Continuar lendo <span class=\"screen-reader-text\">SOBRE A S.A.I.<\/span><\/a><\/p>\n","protected":false},"author":1,"featured_media":0,"parent":0,"menu_order":0,"comment_status":"closed","ping_status":"closed","template":"","meta":{"footnotes":""},"tags":[],"jetpack_sharing_enabled":true,"_links":{"self":[{"href":"https:\/\/www.sai.org.br\/index.php?rest_route=\/wp\/v2\/pages\/25"}],"collection":[{"href":"https:\/\/www.sai.org.br\/index.php?rest_route=\/wp\/v2\/pages"}],"about":[{"href":"https:\/\/www.sai.org.br\/index.php?rest_route=\/wp\/v2\/types\/page"}],"author":[{"embeddable":true,"href":"https:\/\/www.sai.org.br\/index.php?rest_route=\/wp\/v2\/users\/1"}],"replies":[{"embeddable":true,"href":"https:\/\/www.sai.org.br\/index.php?rest_route=%2Fwp%2Fv2%2Fcomments&post=25"}],"version-history":[{"count":5,"href":"https:\/\/www.sai.org.br\/index.php?rest_route=\/wp\/v2\/pages\/25\/revisions"}],"predecessor-version":[{"id":1622,"href":"https:\/\/www.sai.org.br\/index.php?rest_route=\/wp\/v2\/pages\/25\/revisions\/1622"}],"wp:attachment":[{"href":"https:\/\/www.sai.org.br\/index.php?rest_route=%2Fwp%2Fv2%2Fmedia&parent=25"}],"wp:term":[{"taxonomy":"post_tag","embeddable":true,"href":"https:\/\/www.sai.org.br\/index.php?rest_route=%2Fwp%2Fv2%2Ftags&post=25"}],"curies":[{"name":"wp","href":"https:\/\/api.w.org\/{rel}","templated":true}]}}

<figure class="wp-block-image"><img loading="lazy" decoding="async" width="822" height="198" src="https://www.sai.org.br/wp-content/uploads/2019/08/SAI2.jpg" alt="" class="wp-image-1530" srcset="https://www.sai.org.br/wp-content/uploads/2019/08/SAI2.jpg 822w, https://www.sai.org.br/wp-content/uploads/2019/08/SAI2-300x72.jpg 300w, https://www.sai.org.br/wp-content/uploads/2019/08/SAI2-768x185.jpg 768w" sizes="(max-width: 822px) 100vw, 822px" /></figure>



<p><strong>Sede Própria: Rua Mangaratiba, 316 – Cidade Dutra &#8211; CEP: 04811-010.<br> Fone: 5666-5118</strong></p>



<p><strong>QUEM SOMOS</strong></p>



<p><strong>Somos uma das mais antigas e organizadas sociedades de bairro do Município de São Paulo.<br> Devido ao seu persistente e sério trabalho em prol da comunidade, logo conseguiu prestígio e influência perante os órgãos públicos.<br> Declarada de Utilidade Pública pelo Decreto-lei Estadual nº 10.343 de 27/12/1968.<br> Eleita em 1969 como sendo a Melhor Sociedade de Bairro em reconhecimento a sua atuação em favor da comunidade.</strong></p>



<p><strong>FUNDAÇÃO</strong></p>



<p><strong>Entidade associativa fundada em 1950, por moradores da Cidade Dutra e adjacências, sem finalidades lucrativas, política ou religiosa, com caráter educativo, social, assistencial, cultural e cívico.</strong></p>



<p><strong>OBJETIVO</strong></p>



<p><strong>Reivindicar e colaborar com as autoridades competentes, a níveis municipais, estaduais e federais para a solução de problemas de interesse coletivo.</strong></p>



<p><strong>ORGANIZAÇÃO ADMINISTRATIVA</strong></p>



<p><strong>É administrado de acordo com o Estatuto Social (em anexo) aprovado na Assembléia Geral, realizada em 28/09/2004 e registrado em 15/12/2004 no 29º Tabelião de Notas de São Paulo-SP.<br> Seus Diretores e Conselheiros, de comprovada conduta ilibada, são eleitos pelos processos democráticos para mandato de dois anos e têm sentido de continuidade. <br> Os cargos da Diretoria e do Conselho não são remunerados.<br> Reuniões da Diretoria Executiva, Conselho Deliberativo, Conselho Fiscal, Conselho de Ética e Disciplina, bem como as Assembléias Gerais dos associados são registradas em Atas.<br> Os Ofícios enviados e recebidos das autoridades, assim como, os Relatórios Anuais de Atividades, Resultado de Receitas e Despesas e Demonstrações Contábeis são mantidos em arquivos.</strong></p>



<p><strong>PATRIMÔNIO IMÓVEL</strong></p>



<p><strong>Os moradores colaboraram financeiramente na construção da sede social própria a fim de possibilitar a ampliação dos trabalhos orientados para a solidariedade social.<br> A sede inaugurada em 15/09/1968 está localizada à Rua Mangaratiba, nº 316, Cidade Dutra &#8211; Interlagos, sub – Distrito da Capela do Socorro, na Capital do Estado de São Paulo. <br> A construção de 1144 m² numa área de 1467 m² consiste em:<br> Uma quadra utilizada para jogos, reuniões cívicas e sociais.<br> Dois salões para ginástica, cursos, etc. <br> Cozinha<br> Churrasqueira<br> Lanchonete<br> Sala de reunião para a diretoria<br> Sala para a Administração<br> Sala de troféus<br> Almoxarifado <br> Vestiários feminino e masculino<br> Sanitários <br> Duas portarias com respectivas guaritas<br> Saída de emergência com amplas portas de rápido destranque.<br> Extintores e mangueiras contra incêndios<br> Sistema de iluminação de emergência</strong></p>



<p><strong>FONTES DE RECURSOS</strong></p>



<p><strong>Os principais recursos para a manutenção da Sociedade baseiam-se na:<br> Locação de seus salões para palestras, cursos, futebol de salão, vôlei, aniversários, casamentos e outros acontecimentos sociais.<br> Cessão de espaço aos associados para propaganda comercial. <br> Venda de convites para eventos programados pelo Departamento Feminino, tais como, feijoadas com conjunto musical, jantares dançantes, bingos, chás, etc.</strong></p>



<p><strong>RESULTADOS ALCANÇADOS NA SOLUÇÃO DE PROBLEMAS DE INTERESSE COLETIVO</strong></p>



<p><strong>Através da união de esforços que mantém com a comunidade e autoridades, alcançou pleno êxito na luta pela melhoria dos transportes, iluminação, saneamento básico, segurança, saúde, educação, etc., da região. <br> Atendendo as reivindicações da comunidade, a eficaz e persistente atuação da SAI perante os órgãos competentes, redundou nas seguintes benfeitorias:<br> Criação da Administração Regional de Capela do Socorro<br> Funcionamento do Posto do INAMPS<br> Implantação de Agência dos Correios na Região<br> A Sociedade Amigos de Interlagos, enquanto aguardava a implantação da Agência, disponibilizou sua Caixa Postal nº 12.626 para receber toda a correspondência enviada aos moradores do bairro e das vilas vizinhas.<br> Dois dedicados voluntários da SAI entregavam diariamente a correspondência aos destinatários que residiam no bairro. Os moradores das vilas procuravam suas correspondência na SAI.<br> Instalação da 48ª Delegacia de Polícia<br> Organização Santamarense de Educação e Cultura &#8211; OSEC<br> Reforma e duplicação da antiga ponte de Interlagos <br> Solicitação da construção de Nova Ponte sobre o canal do rio Pinheiros<br> Melhoria no Posto de Atendimento Médico (PAM) da Cidade Dutra<br> Reabertura do Hospital-Maternidade de Interlagos<br> Criação do Posto de Atendimento do INSS na Cidade Dutra<br> Retomada das obras do Hospital Grajaú<br> Reinício das obras do Grupo Escolar de Interlagos<br> Reforma no prédio das Escolas Agrupadas Dr. Miguel Ferreira<br> Captação de águas pluviais, extensão da iluminação pública, colocação de rede de esgoto, guias, sarjetas, bem como, regularização e asfaltamento do leito carroçável de várias ruas e avenidas do bairro; implantação de transporte coletivo.<br> Proibição da Instalação do Incinerador de lixo (emissão de gases cancerígenos) ao lado do Autódromo de Interlagos</strong></p>



<p><strong>ASSISTÊNCIAL SOCIAL AOS IDOSOS</strong></p>



<p><strong>Uma das primeiras iniciativas foi a de franquear a freqüência de pessoas de ambos os sexos, com idade igual ou superior a 55 anos ou que com idade inferiores há 55 anos que já se encontram aposentadas; as mesmas podem formar grupos de pessoas com a mesma faixa etária com o objetivo de realizarem na sede social: jogos, reuniões, bailes, festividades, ginásticas e terapia ocupacional.<br> A Sociedade Amigos de Interlagos, com este objetivo, em 1978, cedeu espaço para o grupo de idosos denominado Pioneiros da Cidade Dutra. Este Grupo foi reconhecido pela Legião Brasileira de Assistência – LBA para fazer parte do Programa Conviver.<br> Além de exercer suas atividades recreativas e sociais esses idosos até recentemente fabricavam anualmente 2000 brinquedos artesanais, numa pequena oficina improvisada na SAI, para distribuí-los gratuitamente no Natal, às creches e orfanatos sem apoio financeiro.<br> É promovida, semanalmente, a alegre Tarde – Dançante da Terceira Idade, com música ao vivo para os idosos que tenham mais de 50 anos e residam no bairro e adjacências; a entrada é franca e são oferecidos gratuitamente lanche e bebidas aos freqüentadores.<br> Senhoras idosas praticam ginástica de alongamento com fisioterapeuta, contratado pela SAI.<br> A SAI cobra das praticantes uma mensalidade de R$ 30,00; 70% deste valor são repassados ao terapeuta e o restante é destinado para cobrir despesas de manutenção, água, luz, etc.</strong></p>



<p><strong>ATIVIDADES COM CRIANÇAS, ADOLESCENTES E JOVENS.</strong></p>



<p><strong>A Entidade desenvolve também trabalho voltado ao desenvolvimento físico e moral de crianças, de adolescentes e de jovens.<br> As crianças e adolescentes praticam futebol de salão e ginástica sob a orientação de professores especializados.<br> Os jovens de ambos os sexos são preparados gratuitamente por um treinador para disputarem campeonatos de voleibol com importantes times amadores da Grande São Paulo.<br> As equipes da SAI se destacam pelo elevado número de participações em campeonatos e vitórias sobre equipe de alto valor técnico.<br> Com muita dedicação e entusiasmo conquistaram até o presente momento os seguintes troféus:<br> Equipe Feminina<br> 10 medalhas de ouro<br> 03 medalhas de prata<br> 01 medalha de bronze<br> Equipe Masculina<br> 09 medalhas de ouro<br> 07 medalhas de prata<br> 03 medalhas de bronze<br> Anualmente o Departamento de Esportes promove o Campeonato Criança Feliz com o objetivo de arrecadar brinquedos para serem distribuídos às crianças carentes.</strong></p>



<p><strong>OUTRAS ATIVIDADES ASSISTENCIAIS</strong></p>



<p><strong>A SAI, em 1988, com a colaboração do seu Departamento Feminino participou ativamente da Campanha do Agasalho para os flagelados do Rio de Janeiro, Rio Branco (Acre) e Litoral Norte.</strong></p>



<p><strong>Foram entregues na SAI, diariamente e durante três anos, tíquetes para leite gratuito destinado a 100 famílias carentes.<br> A SAI continua arrecadando anualmente agasalhos para distribuí-los a necessitados da região.</strong></p>



<p><strong>INFORMATIVO</strong></p>



<p><strong>É publicado trimestralmente o Informativo SAI distribuído aos moradores da região e adjacências. O objetivo da SAI ao publicá-lo é o de fomentar o debate de questões consideradas importantes para a sociedade, contribuindo assim para o avanço das instituições organizadas.</strong></p>

<p>Sede Própria: Rua Mangaratiba, 316 – Cidade Dutra &#8211; CEP: 04811-010. Fone: 5666-5118 QUEM SOMOS Somos uma das mais antigas e organizadas sociedades de bairro do Município de São Paulo. Devido ao seu persistente e sério trabalho em prol da comunidade, logo conseguiu prestígio e influência perante os órgãos públicos. Declarada de Utilidade Pública pelo&hellip; <a href="https://www.sai.org.br/?page_id=25" class="more-link">Continuar lendo <span class="screen-reader-text">SOBRE A S.A.I.</span></a></p>
